ded by 3.
2
Suppose 4*w + w = -2*z + 142, 2*w = 8. Calculate the remainder when z is divided by 8.
5
Let a = 57 + -22. Let j(z) = 5*z - 2. Let s(p) = -31*p + 13. Let t(x) = 39*j(x) + 6*s(x). What is the remainder when a is divided by t(2)?
17
Calculate the remainder when (14 - 12)/((-4)/(-138)) is divided by 14.
13
Suppose -28 = -3*l - 2*u, -u + 2 + 7 = l. Calculate the remainder when 36 is divided by l.
6
Let h(a) = -a + 8. Calculate the remainder when 30 is divided by h(-8).
14
Let f(z) = z. Let k = 12 - 7. Let r be f(k). Let j(c) = c**3 - 5*c**2 + c + 2. Calculate the remainder when j(r) is divided by 4.
3
Let z(a) = 9*a**3 - a**2. Let u be z(-1). Let c = u - -19. Suppose 5*w = -3*x + 78, -5*x - w + 130 = w. Calculate the remainder when x is divided by c.
8
Calculate the remainder when (-23 - (1 - 5))*-2 is divided by 10.
8
Suppose 5*q - 283 = 2*m, -3*q = 2*m - 3*m - 170. Suppose -w - 24 = -2*a + 20, -3*a - 3*w = -q. What is the remainder when a is divided by 11?
10
Suppose 2*p = 5*u + 28, -4*u - 6 = -u. Calculate the remainder when 25 is divided by p.
7
Suppose -5*c + 8 = -x, -4*x - x + 18 = 4*c. Suppose 0*b - 30 = -x*b. What is the remainder when 43 is divided by b?
13
Let s(x) = -6*x**3 - 4*x**2 - 5*x - 3. Let z be s(-3). Suppose -z = -3*m - 0*m. Let v = m - 33. Calculate the remainder when 38 is divided by v.
12
Let h(o) = -o**2 + 9*o + 1. Let u be h(7). Suppose 5*x = u, 2*x + 3 = -3*j + 3*x. Let k = 2 - j. What is the remainder when 3 is divided by k?
1
Suppose 5*y = -3*g + 12, 0*y - y + 4 = -g. Suppose y*f = 21 + 54. What is the remainder when f is divided by 9?
7
Let d(w) = w**2 + w + 2. Let g be d(0). Suppose -5*i - g*h + 25 = -7*h, -4*h = 4*i - 28. What is the remainder when 15 is divided by i?
3
Suppose -4*o + 282 = -5*f, -4*o + 0*f - 2*f + 268 = 0. Calculate the remainder when o is divided by 14.
12
Let d(t) = 91*t - 1. Let j be d(1). Suppose j = 4*z - h - 58, 0 = 4*h - 16. Let k(s) = s**2 + 9*s + 3. Calculate the remainder when z is divided by k(-10).
12
Suppose a = -3 - 1. Let c be (-15)/(-25) - a/10. Let d(r) = 23*r + 1. What is the remainder when 47 is divided by d(c)?
23
Calculate the remainder when 48 is divided by 75/(-9)*(-3)/1.
23
Suppose 0 = -s + 31 - 1. Suppose -4*q + 111 = -f, -4*q + 3*f + 108 = -f. What is the remainder when q is divided by (5 - 3)*s/4?
13
Let r(u) = 4*u**2 - 10*u + 10. What is the remainder when r(10) is divided by 52?
50
Let n(y) = -y**2 - y + 14. Let j be n(0). Let w = j - 8. Let o = 6 - 2. What is the remainder when w is divided by o?
2
Calculate the remainder when (29/(-2))/((-8)/16) is divided by 5.
4
Let n = 3 + -3. Suppose n = -5*q + 6*l - 2*l + 74, 3*l = 3*q - 42. Calculate the remainder when 51 is divided by q.
15
Let s(y) be the third derivative of y**5/30 + y**4/3 - y**3/3 + 2*y**2. Calculate the remainder when s(-6) is divided by 8.
6
Suppose 2*w + w + 133 = 4*m, 2*w = -4*m + 138. Let k = 57 - m. What is the remainder when k is divided by 13?
10
Let x(h) = h**3 - 7*h**2 + 9*h. Let q be x(6). Suppose i = -i + q. What is the remainder when (-103)/(-4) + (-5)/(-20) is divided by i?
8
Suppose -j = -2 - 0. Let n be 21/(-6) + 2/(-4). What is the remainder when j - (-2 - n)*-3 is divided by 3?
2
Let u = 21 + -16. Suppose u*p = 61 + 29. Suppose -2*g - 3*i - 76 = -4*g, -3*g - 4*i + 97 = 0. What is the remainder when g is divided by p?
17
Let h(p) = p**3 + 2*p**2 - p. Let r be h(1). Suppose r*l - 21 = 9. What is the remainder when l is divided by (2*3)/(6/8)?
7
Let f(v) = -2*v**3 - v**2 + 3*v + 2. Let c = 72 - 38. Suppose -3*i + 2*u + c = -6, -i - u = -15. What is the remainder when i is divided by f(-2)?
6
Let m(u) = -6*u + 2. Suppose 5*z + 9 = -1. What is the remainder when 53 is divided by m(z)?
11
Suppose 11 = -5*w + 196. What is the remainder when w is divided by 20?
17
Let g = -23 + 37. Let w = 38 + 1. What is the remainder when w is divided by g?
11
Let t be (2 + 13)*-1*-1. Suppose 6*o - 63 = t. Suppose 24 + 0 = z. What is the remainder when z is divided by o?
11
Suppose -4 = -0*u + 2*u. Let t(d) = 2*d**2 + 2. Let g be t(2). What is the remainder when 20 is divided by (-1)/u*g + 2?
6
Suppose -15 - 13 = 4*p. Let d = 27 + -19. What is the remainder when (-4)/p + 1854/63 is divided by d?
6
Let d = 45 - 16. What is the remainder when d is divided by 8?
5
Suppose 0 = -3*b + 3*c + 489, -2*c - 657 = -4*b - 3*c. Calculate the remainder when b is divided by 15.
14
Suppose 2*k - 4*l = 50, -k + 2*l = l - 28. Calculate the remainder when k is divided by 2*(-2)/(8/(-22)).
9
Let f(u) = 2*u**2 - u + 2. Let d be f(-2). Let v = d + -10. What is the remainder when 2 is divided by v?
0
Calculate the remainder when 32 is divided by (2 + (-9)/(-12))/((-4)/(-16)).
10
Suppose u - 22 = -4*h + 4*u, 2*h - 6 = -u. What is the remainder when 49 is divided by h?
1
Let b = 4 + 3. Let o(m) = -m + 8. Let z be o(6). Suppose -z*u = -5*h + 87, -h = 4*h + 4*u - 111. What is the remainder when h is divided by b?
5
Let d(k) = -k**2 + 5*k + 2. What is the remainder when (-5)/((-65)/(-2)) + 2304/104 is divided by d(4)?
4
Suppose 8 = -2*r, 2*w - r - 104 = 180. Suppose -9 = -0*d - d. What is the remainder when w/8 - 3/2 is divided by d?
7
Suppose -5*o = 7*o - 588. What is the remainder when o is divided by 15?
4
Let j = -32 + 35. Calculate the remainder when j is divided by 2.
1
What is the remainder when (-24)/((-4)/(-64)*-6) is divided by 33?
31
Suppose -4*j = -5*j + 20. What is the remainder when 0/3 - -63 - 4 is divided by j?
19
Let h = -39 + 100. Suppose -h = -2*y + 23. Suppose 4*i = i + y. What is the remainder when i is divided by 5?
4
Let a = -80 + 105. What is the remainder when a is divided by 14?
11
Let d(q) = -7*q + 1. What is the remainder when 30 is divided by d(-1)?
6
Suppose -19 = -2*h - 3*i, 11 + 5 = 2*h + 2*i. Suppose h*u = 2*u + 33. Suppose -t - 3*t + 28 = 0. Calculate the remainder when u is divided by t.
4
Suppose -k + 23 = -3*m, -2*m - 3 = -1. What is the remainder when k is divided by 11?
9
Suppose s + 4*v = 6*s - 164, -2*v = -5*s + 172. What is the remainder when 142 is divided by s?
34
Suppose -7*b + 4*d = -3*b - 44, 5*b - 4*d - 50 = 0. What is the remainder when 15 is divided by b?
3
Suppose u = -1 - 4. Let c(p) = -2*p - 3*p + 4 - 3*p. Calculate the remainder when c(u) is divided by 15.
14
Let p(j) = -j**3 + 7*j**2 - 6*j + 4. Let a be (10/(-3))/((-12)/18). Calculate the remainder when p(a) is divided by 13.
11
Let o = 6 - -19. Let n = 46 - -3. Calculate the remainder when n is divided by o.
24
Let i(h) = h**3 + 9*h**2 + 6*h - 10. What is the remainder when 10 is divided by i(-8)?
4
Let c = -6 + 5. Calculate the remainder when 22 is divided by (0 - c)*(7 + 5).
10
Suppose 6*j - 14 = 4*j. Suppose -p + 5 = -0*p. Let t = p - -15. What is the remainder when t is divided by j?
6
Let w(j) = -98*j**3 + 1. What is the remainder when w(-1) is divided by 25?
24
Let t = 51 + -32. Let h(l) = -10*l - 3. Let x(v) = -v + 1. Let s(a) = -h(a) + 4*x(a). What is the remainder when s(8) is divided by t?
17
Let x be (-8)/(-28) + (-33)/(-7). Suppose -33 = -x*a + 2*a. Let c = 3 + a. What is the remainder when 26 is divided by c?
12
What is the remainder when 30 is divided by (30/5)/(6/8)?
6
Let h = 15 - -1. Calculate the remainder when 31 is divided by h.
15
Let l = -87 + 121. What is the remainder when l is divided by 7?
6
Let m(y) = -1 - 2*y + 2 + 1. Suppose g + 0 = 8. What is the remainder when m(-6) is divided by g?
6
Suppose 0 = -4*x - 5*m + 12, x + 2*x + 5*m = 9. Let t be 15/25 + 58/(-5). Let z = t + 18. Calculate the remainder when z is divided by x.
1
Let s be (-1 - 7/(-3))*3. Suppose -29 + 82 = 5*q - w, 5*q - 61 = -3*w. What is the remainder when q is divided by 9*-1*s/(-6)?
5
Calculate the remainder when ((-1212)/18 + 5)/(1/(-3)) is divided by 38.
35
Suppose -m - 2*m = -6. Let l = -33 - -49. Calculate the remainder when 183/6 - m/4 is divided by l.
14
Let c(a) = -a**2 - 5*a + 5. Suppose 3*l - 2*l + 3 = 0, -2*l = 5*m + 31. Calculate the remainder when 7 is divided by c(m).
2
Suppose 61 = 3*t + n, -3*t - 2*n = n - 63. Let p(j) = 2*j**2 + 0*j**2 + 12*j**3 - 4*j**2 + j. Calculate the remainder when t is divided by p(1).
9
Suppose 15 = 6*f - f. Let i(a) = -2*a. Let l be i(f). Let z(n) = -5*n - 7. Calculate the remainder 